{"id":372,"date":"2024-07-27T01:45:18","date_gmt":"2024-07-27T01:45:18","guid":{"rendered":"https:\/\/maiaraketler.com.br\/?page_id=372"},"modified":"2024-07-27T02:39:50","modified_gmt":"2024-07-27T02:39:50","slug":"maiara-ketler-2","status":"publish","type":"page","link":"https:\/\/maiaraketler.com.br\/?page_id=372","title":{"rendered":"Maiara Ketler"},"content":{"rendered":"\t\t<div data-elementor-type=\"wp-page\" data-elementor-id=\"372\" class=\"elementor elementor-372\">\n\t\t\t\t<div class=\"elementor-element elementor-element-e83730f e-flex e-con-boxed wpr-particle-no wpr-jarallax-no wpr-parallax-no wpr-sticky-section-no e-con e-parent\" data-id=\"e83730f\" data-element_type=\"container\" id=\"372-2\" data-settings=\"{&quot;background_background&quot;:&quot;gradient&quot;}\">\n\t\t\t\t\t<div class=\"e-con-inner\">\n\t\t\t\t<div class=\"elementor-element elementor-element-aba2568 elementor-widget elementor-widget-heading\" data-id=\"aba2568\" data-element_type=\"widget\" data-widget_type=\"heading.default\">\n\t\t\t\t<div class=\"elementor-widget-container\">\n\t\t\t<style>\/*! elementor - v3.23.0 - 23-07-2024 *\/\n.elementor-heading-title{padding:0;margin:0;line-height:1}.elementor-widget-heading .elementor-heading-title[class*=elementor-size-]>a{color:inherit;font-size:inherit;line-height:inherit}.elementor-widget-heading .elementor-heading-title.elementor-size-small{font-size:15px}.elementor-widget-heading .elementor-heading-title.elementor-size-medium{font-size:19px}.elementor-widget-heading .elementor-heading-title.elementor-size-large{font-size:29px}.elementor-widget-heading .elementor-heading-title.elementor-size-xl{font-size:39px}.elementor-widget-heading .elementor-heading-title.elementor-size-xxl{font-size:59px}<\/style><h2 class=\"elementor-heading-title elementor-size-default\">Sobre mim<\/h2>\t\t<\/div>\n\t\t\t\t<\/div>\n\t\t\t\t<div class=\"elementor-element elementor-element-242d7ce elementor-widget elementor-widget-heading\" data-id=\"242d7ce\" data-element_type=\"widget\" data-widget_type=\"heading.default\">\n\t\t\t\t<div class=\"elementor-widget-container\">\n\t\t\t<h2 class=\"elementor-heading-title elementor-size-default\">Maiara Ketler<\/h2>\t\t<\/div>\n\t\t\t\t<\/div>\n\t\t\t\t<div class=\"elementor-element elementor-element-2fdff22 elementor-widget elementor-widget-image\" data-id=\"2fdff22\" data-element_type=\"widget\" data-widget_type=\"image.default\">\n\t\t\t\t<div class=\"elementor-widget-container\">\n\t\t\t<style>\/*! elementor - v3.23.0 - 23-07-2024 *\/\n.elementor-widget-image{text-align:center}.elementor-widget-image a{display:inline-block}.elementor-widget-image a img[src$=\".svg\"]{width:48px}.elementor-widget-image img{vertical-align:middle;display:inline-block}<\/style>\t\t\t\t\t\t\t\t\t\t<img fetchpriority=\"high\" decoding=\"async\" width=\"389\" height=\"274\" src=\"https:\/\/maiaraketler.com.br\/wp-content\/uploads\/2024\/07\/Group-7.png\" class=\"attachment-full size-full wp-image-65\" alt=\"\" srcset=\"https:\/\/maiaraketler.com.br\/wp-content\/uploads\/2024\/07\/Group-7.png 389w, https:\/\/maiaraketler.com.br\/wp-content\/uploads\/2024\/07\/Group-7-300x211.png 300w\" sizes=\"(max-width: 389px) 100vw, 389px\" \/>\t\t\t\t\t\t\t\t\t\t\t\t\t<\/div>\n\t\t\t\t<\/div>\n\t\t\t\t<div class=\"elementor-element elementor-element-f004a75 elementor-widget elementor-widget-text-editor\" data-id=\"f004a75\" data-element_type=\"widget\" data-widget_type=\"text-editor.default\">\n\t\t\t\t<div class=\"elementor-widget-container\">\n\t\t\t<style>\/*! elementor - v3.23.0 - 23-07-2024 *\/\n.elementor-widget-text-editor.elementor-drop-cap-view-stacked .elementor-drop-cap{background-color:#69727d;color:#fff}.elementor-widget-text-editor.elementor-drop-cap-view-framed .elementor-drop-cap{color:#69727d;border:3px solid;background-color:transparent}.elementor-widget-text-editor:not(.elementor-drop-cap-view-default) .elementor-drop-cap{margin-top:8px}.elementor-widget-text-editor:not(.elementor-drop-cap-view-default) .elementor-drop-cap-letter{width:1em;height:1em}.elementor-widget-text-editor .elementor-drop-cap{float:left;text-align:center;line-height:1;font-size:50px}.elementor-widget-text-editor .elementor-drop-cap-letter{display:inline-block}<\/style>\t\t\t\t<p>Conhe\u00e7a um pouco da minha hist\u00f3ria profissional! Me chamo Maiara Ketler Souza Segundo e sou Psic\u00f3loga Cl\u00ednica e do Trabalho, atuando com desenvolvimento humano h\u00e1 mais de 10 anos. Atendo adultos no Consult\u00f3rio de Psicologia Expressar, tanto presencialmente quanto online, buscando sempre oferecer um espa\u00e7o seguro e acolhedor para meus pacientes.<\/p><p>Sou graduada em Psicologia e atualmente estou me especializando em Psicodrama pela Viver Mais Psicologia. Nos \u00faltimos tr\u00eas anos, tenho me aprofundado nas rela\u00e7\u00f5es de trabalho e na S\u00edndrome de Burnout, com o objetivo de ajudar meus pacientes a enfrentar e superar os desafios relacionados ao ambiente profissional.<\/p><p>Sou encantada pelo contato(relacionamento, n\u00e3o cabe?) social e pelo potencial de desenvolvimento do ser humano. Na psicologia, encontrei meu prop\u00f3sito de vida: auxiliar as pessoas a alcan\u00e7ar uma melhor qualidade de vida. Para isso, estou constantemente buscando atualiza\u00e7\u00f5es, criatividade e efic\u00e1cia atrav\u00e9s da ci\u00eancia psicol\u00f3gica, visando atender todos os clientes que chegam at\u00e9 mim com excel\u00eancia, exclusividade e dedica\u00e7\u00e3o.<\/p><p>Minha trajet\u00f3ria profissional come\u00e7ou cedo, aos 13 anos, quando trabalhei na \u00e1rea educacional em escolas p\u00fablicas e privadas. Sou formada no magist\u00e9rio, em Gest\u00e3o de Recursos Humanos, e por \u00faltimo, mas n\u00e3o menos importante, me graduei em Psicologia. Essa diversificada experi\u00eancia me proporcionou uma vis\u00e3o ampla e integrada do desenvolvimento humano, que aplico diariamente em meu trabalho cl\u00ednico.<\/p><p>Como psic\u00f3loga, meu compromisso \u00e9 acolher, respeitar e reestruturar. Auxiliar no desenvolvimento e na evolu\u00e7\u00e3o pessoal, atrav\u00e9s da compreens\u00e3o da jornada do indiv\u00edduo em busca de autoconhecimento para assim, melhorar o seu equil\u00edbrio emocional e sua satisfa\u00e7\u00e3o consigo mesmo. <\/p>\t\t\t\t\t\t<\/div>\n\t\t\t\t<\/div>\n\t\t\t\t\t<\/div>\n\t\t\t\t<\/div>\n\t\t\t\t<\/div>\n\t\t","protected":false},"excerpt":{"rendered":"<p>Sobre mim Maiara Ketler Conhe\u00e7a um pouco da minha hist\u00f3ria profissional! Me chamo Maiara Ketler Souza Segundo e sou Psic\u00f3loga Cl\u00ednica e do Trabalho, atuando com desenvolvimento humano h\u00e1 mais de 10 anos. Atendo adultos no Consult\u00f3rio de Psicologia Expressar, tanto presencialmente quanto online, buscando sempre oferecer um espa\u00e7o seguro e acolhedor para meus pacientes. Sou graduada em Psicologia e atualmente estou me especializando em Psicodrama pela Viver Mais Psicologia. Nos \u00faltimos tr\u00eas anos, tenho me aprofundado nas rela\u00e7\u00f5es de trabalho e na S\u00edndrome de Burnout, com o objetivo de ajudar meus pacientes a enfrentar e superar os desafios relacionados ao ambiente profissional. Sou encantada pelo contato(relacionamento, n\u00e3o cabe?) social e pelo potencial de desenvolvimento do ser humano. Na psicologia, encontrei meu prop\u00f3sito de vida: auxiliar as pessoas a alcan\u00e7ar uma melhor qualidade de vida. Para isso, estou constantemente buscando atualiza\u00e7\u00f5es, criatividade e efic\u00e1cia atrav\u00e9s da ci\u00eancia psicol\u00f3gica, visando atender todos os clientes que chegam at\u00e9 mim com excel\u00eancia, exclusividade e dedica\u00e7\u00e3o. Minha trajet\u00f3ria profissional come\u00e7ou cedo, aos 13 anos, quando trabalhei na \u00e1rea educacional em escolas p\u00fablicas e privadas. Sou formada no magist\u00e9rio, em Gest\u00e3o de Recursos Humanos, e por \u00faltimo, mas n\u00e3o menos importante, me graduei em Psicologia. Essa diversificada experi\u00eancia me proporcionou uma vis\u00e3o ampla e integrada do desenvolvimento humano, que aplico diariamente em meu trabalho cl\u00ednico. Como psic\u00f3loga, meu compromisso \u00e9 acolher, respeitar e reestruturar. Auxiliar no desenvolvimento e na evolu\u00e7\u00e3o pessoal, atrav\u00e9s da compreens\u00e3o da jornada do indiv\u00edduo em busca de autoconhecimento para assim, melhorar o seu equil\u00edbrio emocional e sua satisfa\u00e7\u00e3o consigo mesmo.<\/p>\n","protected":false},"author":1,"featured_media":0,"parent":0,"menu_order":0,"comment_status":"closed","ping_status":"closed","template":"elementor_header_footer","meta":{"_monsterinsights_skip_tracking":false,"_monsterinsights_sitenote_active":false,"_monsterinsights_sitenote_note":"","_monsterinsights_sitenote_category":0,"_joinchat":[],"footnotes":""},"class_list":["post-372","page","type-page","status-publish","hentry"],"aioseo_notices":[],"_links":{"self":[{"href":"https:\/\/maiaraketler.com.br\/index.php?rest_route=\/wp\/v2\/pages\/372"}],"collection":[{"href":"https:\/\/maiaraketler.com.br\/index.php?rest_route=\/wp\/v2\/pages"}],"about":[{"href":"https:\/\/maiaraketler.com.br\/index.php?rest_route=\/wp\/v2\/types\/page"}],"author":[{"embeddable":true,"href":"https:\/\/maiaraketler.com.br\/index.php?rest_route=\/wp\/v2\/users\/1"}],"replies":[{"embeddable":true,"href":"https:\/\/maiaraketler.com.br\/index.php?rest_route=%2Fwp%2Fv2%2Fcomments&post=372"}],"version-history":[{"count":33,"href":"https:\/\/maiaraketler.com.br\/index.php?rest_route=\/wp\/v2\/pages\/372\/revisions"}],"predecessor-version":[{"id":429,"href":"https:\/\/maiaraketler.com.br\/index.php?rest_route=\/wp\/v2\/pages\/372\/revisions\/429"}],"wp:attachment":[{"href":"https:\/\/maiaraketler.com.br\/index.php?rest_route=%2Fwp%2Fv2%2Fmedia&parent=372"}],"curies":[{"name":"wp","href":"https:\/\/api.w.org\/{rel}","templated":true}]}}